8 a factor of 1596?
True
Is 16 a factor of 8976?
True
Is 554 a multiple of 37?
False
Is 58 a factor of 597?
False
Is 7 a factor of 777?
True
Is 7005 a multiple of 102?
False
Is 2097 a multiple of 9?
True
Does 94 divide 13066?
True
Is 14720 a multiple of 23?
True
Is 18 a factor of 300?
False
Is 17 a factor of 2295?
True
Does 26 divide 7124?
True
Is 31171 a multiple of 222?
False
Does 7 divide 721?
True
Is 6138 a multiple of 34?
False
Is 9 a factor of 57168?
True
Does 25 divide 1567?
False
Is 200 a multiple of 20?
True
Is 2 a factor of 131?
False
Is 4 a factor of 32708?
True
Does 5 divide 220?
True
Is 40 a factor of 472?
False
Does 8 divide 4360?
True
Is 6 a factor of 792?
True
Is 17 a factor of 1088?
True
Is 969 a multiple of 19?
True
Does 49 divide 41944?
True
Does 63 divide 3276?
True
Is 420 a multiple of 10?
True
Is 89 a factor of 2723?
False
Is 63 a factor of 9642?
False
Is 6249 a multiple of 24?
False
Is 111 a factor of 333?
True
Does 33 divide 1253?
False
Does 5 divide 189?
False
Is 222 a multiple of 9?
False
Is 225 a multiple of 5?
True
Is 25 a factor of 1725?
True
Is 7 a factor of 5938?
False
Is 8525 a multiple of 197?
False
Does 103 divide 16068?
True
Is 5 a factor of 32?
False
Does 148 divide 15984?
True
Does 10 divide 8070?
True
Does 48 divide 40782?
False
Does 50 divide 1850?
True
Is 55 a factor of 550?
True
Is 360 a multiple of 14?
False
Does 12 divide 1104?
True
Is 5535 a multiple of 41?
True
Does 12 divide 265?
False
Is 1980 a multiple of 90?
True
Is 53 a factor of 901?
True
Is 33 a factor of 297?
True
Is 233 a multiple of 20?
False
Is 44352 a multiple of 288?
True
Is 7 a factor of 280?
True
Does 12 divide 25091?
False
Does 10 divide 360?
True
Does 34 divide 4102?
False
Is 2211 a multiple of 24?
False
Does 10 divide 22597?
False
Does 45 divide 108006?
False
Does 191 divide 9374?
False
Is 40349 a multiple of 9?
False
Is 172 a multiple of 9?
False
Is 32 a factor of 2662?
False
Does 20 divide 87?
False
Is 648 a multiple of 18?
True
Is 9 a factor of 27?
True
Is 627 a multiple of 12?
False
Is 4832 a multiple of 151?
True
Is 1887 a multiple of 37?
True
Does 84 divide 4607?
False
Is 5 a factor of 15138?
False
Is 18 a factor of 15677?
False
Is 11 a factor of 55913?
True
Does 4 divide 1032?
True
Does 22 divide 1452?
True
Is 126 a factor of 33317?
False
Does 5 divide 360?
True
Is 36 a factor of 8820?
True
Does 47 divide 43635?
False
Is 63 a factor of 1221?
False
Is 15 a factor of 9855?
True
Is 47 a factor of 642?
False
Does 4 divide 1190?
False
Is 120 a multiple of 30?
True
Is 3 a factor of 956?
False
Does 17 divide 357?
True
Is 2 a factor of 796?
True
Does 13 divide 9945?
True
Is 9 a factor of 842?
False
Is 567 a multiple of 7?
True
Does 29 divide 4147?
True
Does 30 divide 1410?
True
Is 11 a factor of 707?
False
Is 6877 a multiple of 2?
False
Does 45 divide 350?
False
Is 23 a factor of 18883?
True
Is 241 a factor of 26028?
True
Does 15 divide 3646?
False
Is 3150 a multiple of 15?
True
Does 152 divide 17397?
False
Is 21 a factor of 12507?
False
Does 49 divide 31640?
False
Is 2024 a multiple of 4?
True
Is 194 a factor of 8392?
False
Is 25585 a multiple of 482?
False
Does 16 divide 112176?
True
Is 2326 a multiple of 94?
False
Is 1092 a multiple of 3?
True
Is 46 a factor of 1334?
True
Is 124 a multiple of 2?
True
Does 24 divide 4344?
True
Is 27400 a multiple of 40?
True
Is 7 a factor of 203?
True
Is 2420 a multiple of 44?
True
Is 144 a multiple of 8?
True
Is 22057 a multiple of 5?
False
Is 17 a factor of 13823?
False
Is 622 a multiple of 17?
False
Is 2664 a multiple of 68?
False
Is 133 a factor of 4788?
True
Is 330 a multiple of 15?
True
Is 319 a multiple of 134?
False
Is 332 a multiple of 2?
True
Is 20 a factor of 31949?
False
Is 130 a multiple of 106?
False
Is 16 a factor of 3426?
False
Is 4498 a multiple of 17?
False
Is 135568 a multiple of 101?
False
Does 191 divide 33734?
False
Is 13613 a multiple of 20?
False
Does 9 divide 520?
False
Is 24 a factor of 1016?
False
Does 100 divide 616?
False
Is 1608 a multiple of 8?
True
Is 31387 a multiple of 423?
False
Is 14 a factor of 4029?
False
Does 23 divide 2392?
True
Does 135 divide 6235?
False
Is 54 a multiple of 10?
False
Is 2934 a multiple of 10?
False
Is 8702 a multiple of 38?
True
Is 39 a factor of 62?
False
Is 2 a factor of 1937?
False
Is 11 a factor of 12001?
True
Is 15600 a multiple of 80?
True
Is 1332 a multiple of 74?
True
Is 953 a multiple of 48?
False
Is 6672 a multiple of 12?
True
Is 13 a factor of 2599?
False
Does 52 divide 17999?
False
Does 10 divide 984?
False
Is 52272 a multiple of 48?
True
Is 95 a factor of 17416?
False
Is 562 a multiple of 17?
False
Is 2110 a multiple of 14?
False
Does 24 divide 368?
False
Is 5586 a multiple of 19?
True
Is 596 a multiple of 4?
True
Is 90 a factor of 3136?
False
Is 49 a factor of 94276?
True
Is 14949 a multiple of 5?
False
Does 12 divide 10175?
False
Does 26 divide 338?
True
Is 3061 a multiple of 109?
False
Is 10 a factor of 5140?
True
Does 5 divide 131?
False
Is 22 a factor of 2084?
False
Does 79 divide 5328?
False
Is 23769 a multiple of 57?
True
Is 760 a multiple of 18?
False
Is 1561 a multiple of 31?
False
Is 4 a factor of 2101?
False
Does 7 divide 1134?
True
Is 21 a factor of 147?
True
Is 83 a factor of 1481?
False
Is 40 a factor of 338?
False
Is 50 a factor of 5156?
False
Does 130 divide 22230?
True
Is 230 a multiple of 34?
False
Does 3 divide 11633?
False
Is 3 a factor of 12357?
True
Is 16 a factor of 1052?
False
Is 14 a factor of 60634?
True
Is 60 a factor of 2128?
False
Is 16 a factor of 48672?
True
Is 44 a factor of 8273?
False
Does 224 divide 87808?
True
Does 17 divide 4454?
True
Is 3951 a multiple of 14?
False
Is 457 a multiple of 29?
False
Is 21 a factor of 285?
False
Does 87 divide 23278?
False
Is 7 a factor of 259?
True
Is 5 a factor of 13529?
False
Is 73 a multiple of 14?
False
Is 29 a factor of 202?
False
Is 230 a multiple of 23?
True
Is 1184 a multiple of 12?
False
Does 29 divide 728?
False
Is 650 a multiple of 5?
True
Is 2 a factor of 2459?
False
Is 6902 a multiple of 17?
True
Is 1098 a multiple of 61?
True
Does 15 divide 105885?
True
Does 6 divide 6113?
False
Is 5289 a multiple of 12?
False
Is 9456 a multiple of 8?
True
Is 13014 a multiple of 28?
False
Is 2067 a multiple of 39?
True
Does 30 divide 1335?
False
Is 31 a factor of 248?
True
Is 180 a multiple of 20?
True
Is 21 a factor of 357?
True
Is 15 a factor of 174?
False
Is 1536 a multiple of 32?
True
Is 138 a factor of 17802?
True
Does 62 divide 21284?
False
Is 3000 a multiple of 30?
True
Is 156 a factor of 12199?
False
Does 139 divide 6672?
True
Does 24 divide 1488?
True
Does 58 divide 3654?
True
Is 42 a factor of 26334?
True
Does 4 divide 123?
False
Does 38 divide 36366?
True
Does 9 divide 10287?
True
Is 20 a factor of 6020?
True
Is 925 a multiple of 33?
False
Is 6525 a multiple of 87?
True
Is 5157 a multiple of 38?
False
Does 10 divide 2090?
True
Does 37 divide 1628?
True
Is 1776 a multiple of 37?
True
Does 60 divide 939?
False
Is 8 a factor of 1984?
True
Is 581 a multiple of 7?
True
Is 13 a factor of 753?
False
Does 49 divide 2170?
False
Does 13 divide 130?
True
Is 42 a factor of 2982?
True
Is 32 a factor of 43488?
True
Is 741 a multiple of 57?
True
Does 42 divide 404?
False
Is 961 a multiple of 2?
False
Is 8 a factor of 336?
True
Is 191 a factor of 12966?
False
Is 18 a factor of 2995?
False
Is 18 a multiple of 3?
True
Is 1463 a multiple of 17?
False
Does 89 divide 27600?
False
Is 3760 a multiple of 205?
False
Is 675 a multiple of 9?
True
Is 179 a factor of 66968?
False
Is 2088 a multiple of 52?
False
Does 13 divide 366?
False
Does 20 divide 7080?
True
Is 27 a factor of 55782?
True
Does 59 divide 8709?
False
Is 254 a multiple of 6?
False
Is 13 a factor of 927?
False
Is 177 a multiple of 16?
False
Does 3 divide 1645?
False
Is 427 a multiple of 24?
False
Is 21324 a multiple of 11?
False
Does 27 divide 13770?
True
Does 9 divide 30042?
True
Is 20 a factor of 1023?
False
Is 7847 a multiple of 35?
False
Does 22 divide 13096?
False
Does 9 divide 2574?
True
Is 22 a factor of 308?
True
Does 5 divide 4583?
False
Does 23 divide 73101?
False
Is 7881 a multiple of 33?
False
Is 2119 a multiple of 19?
False
Is 40 a factor of 36080?
True
Is 560 a multiple of 35?
True
Is 900 a multi